composite?
True
Is 1452181 a prime number?
True
Is 178753 composite?
False
Is 62709 a composite number?
True
Is 198169 a composite number?
True
Is 485647 a composite number?
False
Is 102587 composite?
False
Is 3061 a composite number?
False
Is 3959 prime?
False
Is 7859 a prime number?
False
Is 10903 a prime number?
True
Is 1733399 composite?
False
Is 107885 prime?
False
Is 98389 prime?
True
Is 263 composite?
False
Is 294103 composite?
False
Is 98247 prime?
False
Is 44351 prime?
True
Is 3817 composite?
True
Is 1669 prime?
True
Is 1199 a composite number?
True
Is 953 prime?
True
Is 17429 a prime number?
False
Is 2201087 composite?
True
Is 20563 prime?
True
Is 93047 prime?
True
Is 168013 prime?
True
Is 244415 a prime number?
False
Is 91527 a prime number?
False
Is 531211 prime?
False
Is 10003 a composite number?
True
Is 10154 composite?
True
Is 325607 a composite number?
False
Is 223 prime?
True
Is 3618631 prime?
True
Is 2475241 a prime number?
False
Is 45221 a composite number?
True
Is 552047 composite?
False
Is 1389621 composite?
True
Is 78569 prime?
True
Is 274535 a prime number?
False
Is 7171 prime?
False
Is 329347 composite?
False
Is 2131669 a composite number?
False
Is 29033 prime?
True
Is 52379 a composite number?
False
Is 6619 a prime number?
True
Is 147977 a composite number?
False
Is 667 a composite number?
True
Is 49111 prime?
False
Is 107149 composite?
True
Is 2173447 a composite number?
False
Is 180793 a prime number?
True
Is 17639 a prime number?
False
Is 492623 prime?
False
Is 119135 a prime number?
False
Is 25841 a prime number?
True
Is 23597 a prime number?
False
Is 99431 a composite number?
False
Is 1195637 prime?
False
Is 1697609 a prime number?
False
Is 2779 a prime number?
False
Is 32891 a prime number?
False
Is 23939 prime?
False
Is 1044119 a composite number?
True
Is 17117 prime?
True
Is 50041 prime?
False
Is 28091 prime?
False
Is 241495 a composite number?
True
Is 49253 a composite number?
False
Is 64445 composite?
True
Is 5303 a composite number?
False
Is 121886 a composite number?
True
Is 235951 a composite number?
False
Is 13327 a composite number?
False
Is 65857 a prime number?
False
Is 7642 a composite number?
True
Is 8553 composite?
True
Is 289331 a composite number?
True
Is 2147639 composite?
True
Is 267931 a composite number?
True
Is 49561 a composite number?
True
Is 47639 composite?
False
Is 78703 a composite number?
True
Is 68261 composite?
False
Is 39907 a prime number?
False
Is 337 prime?
True
Is 423419 a prime number?
False
Is 61643 prime?
True
Is 136301 a composite number?
True
Is 346913 prime?
False
Is 4993303 a prime number?
False
Is 78079 a prime number?
True
Is 138085 a composite number?
True
Is 70469 a prime number?
False
Is 269041 prime?
True
Is 111887 composite?
True
Is 4861 composite?
False
Is 500039 composite?
True
Is 9271 a composite number?
True
Is 176321 composite?
False
Is 21202 composite?
True
Is 149735 a prime number?
False
Is 23417 a composite number?
False
Is 390401 prime?
False
Is 284021 prime?
False
Is 12959 a composite number?
False
Is 46901 prime?
True
Is 10007 prime?
True
Is 166541 a prime number?
True
Is 28151 a composite number?
False
Is 16535 a prime number?
False
Is 4687 prime?
False
Is 8301 composite?
True
Is 17769 a composite number?
True
Is 37679 composite?
True
Is 46653 a composite number?
True
Is 527221 a prime number?
False
Is 168067 a prime number?
True
Is 141179 composite?
False
Is 86637 a prime number?
False
Is 23117 prime?
True
Is 26485 composite?
True
Is 118037 a composite number?
False
Is 13553 prime?
True
Is 1473 a composite number?
True
Is 152617 prime?
True
Is 19369 prime?
False
Is 20527 a composite number?
True
Is 8158 composite?
True
Is 54971 composite?
True
Is 28915 a prime number?
False
Is 6389 a composite number?
False
Is 15559 composite?
False
Is 185491 a composite number?
False
Is 1080341 a composite number?
False
Is 3047 prime?
False
Is 777571 composite?
False
Is 59809 a composite number?
False
Is 277637 prime?
True
Is 26731 a prime number?
True
Is 11983 a prime number?
False
Is 24509 a prime number?
True
Is 246439 prime?
True
Is 1189 a composite number?
True
Is 95701 a prime number?
True
Is 36229 a composite number?
False
Is 4673 a composite number?
False
Is 755663 composite?
False
Is 13259 a prime number?
True
Is 45566 a composite number?
True
Is 26993 a composite number?
False
Is 6117 a prime number?
False
Is 355354 composite?
True
Is 1060583 prime?
False
Is 2927 a composite number?
False
Is 315247 a prime number?
True
Is 1324061 a composite number?
False
Is 201731 a composite number?
False
Is 6719 composite?
False
Is 47783 a prime number?
False
Is 5449 composite?
False
Is 88581 composite?
True
Is 7249 a prime number?
False
Is 815965 composite?
True
Is 66397 a composite number?
True
Is 3221 a composite number?
False
Is 349097 a composite number?
True
Is 8497 a composite number?
True
Is 1151 composite?
False
Is 164963 a composite number?
False
Is 30309 a composite number?
True
Is 432209 composite?
True
Is 174151 a prime number?
False
Is 397 a composite number?
False
Is 61283 composite?
False
Is 139927 a composite number?
True
Is 31469 composite?
False
Is 494023 a prime number?
True
Is 147007 a prime number?
False
Is 1657 composite?
False
Is 195781 composite?
False
Is 319727 composite?
False
Is 91283 prime?
True
Is 2101 a prime number?
False
Is 3120357 a prime number?
False
Is 46693 prime?
False
Is 1934 composite?
True
Is 131171 a composite number?
False
Is 15187 composite?
False
Is 238933 a prime number?
False
Is 81085 prime?
False
Is 4091 composite?
False
Is 2003393 a composite number?
True
Is 13549 prime?
False
Is 183247 a prime number?
True
Is 2647 a prime number?
True
Is 561333 composite?
True
Is 10079 a prime number?
True
Is 3505 composite?
True
Is 909283 composite?
True
Is 52667 prime?
True
Is 14101 composite?
True
Is 3937 a composite number?
True
Is 26777 a composite number?
False
Is 21859 composite?
False
Is 1160763 a prime number?
False
Is 13739 a composite number?
True
Is 1205843 a prime number?
True
Is 2849081 prime?
False
Is 719 prime?
True
Is 1623 composite?
True
Is 1000681 a composite number?
True
Is 1910713 a composite number?
True
Is 7402 a composite number?
True
Is 4981 a prime number?
False
Is 1117 a composite number?
False
Is 189113 composite?
True
Is 138553 composite?
True
Is 9223 a composite number?
True
Is 510563 prime?
False
Is 357443 composite?
True
Is 18229 a composite number?
False
Is 1430123 composite?
True
Is 142501 a composite number?
False
Is 4393 composite?
True
Is 95077 a prime number?
False
Is 1156201 a prime number?
False
Is 18665 prime?
False
Is 350767 a prime number?
True
Is 2690993 prime?
True
Is 6803 a prime number?
True
Is 153001 prime?
True
Is 2221 a prime number?
True
Is 221245 composite?
True
Is 2707 prime?
True
Is 221 a composite number?
True
Is 145 prime?
False
Is 64513 composite?
False
Is 253849 a prime number?
False
Is 147427 prime?
False
Is 46693 prime?
False
Is 97 a composite number?
False
Is 150911 composite?
True
Is 1725923 a prime number?
True
Is 476299 a composite number?
False
Is 4861 a composite number?
False
Is 4751 composite?
False
Is 154571 a prime number?
True
Is 21313 a composite number?
False
Is 23531 composite?
False
Is 18899 a composite number?
False
Is 792517 prime?
False
Is 586973 a composite number?
False
Is 63489 a prime number?
False
Is 11147 composite?
True
Is 502301 composite?
False
Is 5171 a composite number?
False
Is 26126 a prime number?
False
Is 28277 a prime number?
True
Is 148415 a prime number?
False
Is 290083 a prime number?
True
Is 197059 prime?
True
Is 4759 a composite number?
False
Is 116579 prime?
True
Is 313873 prime?
False
Is 36103 a composite number?
True
Is 315347 prime?
False
Is 72551 composite?
False
Is 250739 a composite number?
False
Is 16217 a composite number?
False
Is 511333 a composite number?
False
Is 153229 a prime number?
False
Is 105377 prime?
False
Is 2792815 prime?
False
Is 111751 a prime number?
True
Is 209519 a prime number?
True
Is 1994 prime?
False
Is 3593 a prime number?
True
Is 390322 prime?
False
Is 162553 composite?
False
Is 738437 a composite number?
True
Is 78367 a prime number?
True
Is 19903 composite?
True
Is 66643 prime?
True
Is 4642361 composi